3*u + w - 4*w = -a. What is m(u)?
2
Let h(j) be the third derivative of 0*j + 1/12*j**4 + 0 + 4*j**2 + 0*j**5 - 1/120*j**6 - 1/6*j**3. Calculate h(-2).
3
Let w(s) = -s**2 + 3*s - 1. Let o be w(3). Let j(f) = -3*f**2 - 2*f - 4. Let p = 8 - 3. Let y(i) = -i**2 - i. Let g(m) = o*j(m) + p*y(m). Calculate g(-3).
-5
Suppose 20 = 2*t + 4*c, 5*c = 3*t + 6 + 8. Suppose -4*s = -t*s + 6. Let n(j) = -j**3 - 3*j**2 - 3*j + 2. Determine n(s).
11
Let o(c) be the second derivative of c**5/20 + 2*c**4/3 - 4*c**3/3 + 7*c**2/2 - 33*c. Give o(-9).
-2
Suppose 0 = 4*d + 2*d + 30. Let h(i) = 2 + 4 + 2*i - i. What is h(d)?
1
Let t be (-1)/3 - 20/(-6). Let k(j) = 2 - t*j**2 - 2*j + 2*j**2 - 5. Suppose 3*g + 0*g + 5*m = -14, -4*m + 8 = -4*g. Give k(g).
-6
Let w be (1 - -1) + (0 - 2). Let b(q) = -3*q - 11. Let p be b(-5). Let r(x) = -3 - 4 + 8*x - p*x - 3*x. Determine r(w).
-7
Let d be 46/12 - 1/(-6). Suppose -r = d*r + j - 8, -4*j = 8. Let n(p) = -2 + 0 + 0 - 3*p**2 + 4*p. Determine n(r).
-6
Let h(z) = z**2 - 3*z**2 + 4*z + z**2 + 4. Let b be h(5). Let l(y) = -3 + y - 4 + 6 + 0*y. Determine l(b).
-2
Let z be 1/4 - (-39)/(-12). Let a(r) = r**3 + 5*r**2 - 5*r + 6. Let s be a(-6). Let w(g) = g**2 + 4*g + 4 + s + 0*g**2. Determine w(z).
1
Let u(q) be the third derivative of q**7/2520 - q**6/120 + q**5/20 - q**4/12 + q**2. Let s(m) be the second derivative of u(m). What is s(4)?
-2
Let g(o) = -1242 + 1245 - o**2 - 2*o + 3*o + o**3. Determine g(0).
3
Suppose 1 + 7 = 3*p + 4*v, 0 = 5*p - 4*v - 24. Let h = -1 + p. Let n(s) = 2*s**2 + 1 - 2*s - 3*s**2 + s**h + 0 + 2*s**2. Give n(-2).
1
Let u(f) = -f. Let b = -53 - -56. What is u(b)?
-3
Suppose 3*q - 12 = 4*l, l - 5*q + 1 = -2. Let a = -2 - -6. Let w(h) = -3*h - 2 + a + h. What is w(l)?
8
Let l be (-2)/9 - (-29)/9. Let v be 2 - 0/(1 - l). Let z(i) = -2*i**3 + i**2 + i + 2. Determine z(v).
-8
Let s = 3 + -2. Let z(m) = -7*m + 3*m + 4*m**2 + 5*m - s. What is z(1)?
4
Let y(h) = -h**3 - 7*h**2 - 6*h + 7. Let f(o) = -o**3 - 6*o**2 - 5*o + 6. Let s(v) = -5*f(v) + 4*y(v). Determine s(-3).
-14
Suppose 2*o = -o + 9. Suppose 2*i + o = -i. Let y(t) be the second derivative of 7*t**5/20 + t**3/6 + t**2/2 - t. Calculate y(i).
-7
Let p(n) be the first derivative of -2*n**3/3 - n + 3. Let y(i) = -i**3 + 3*i**2 + 3*i + 4. Let s be y(4). Suppose 3*q + 3 = -s*q. Give p(q).
-3
Let d be 9/2 - (-2)/4. Let a(s) = -s**3 + 4*s**2 + 5*s - 1. Calculate a(d).
-1
Let d(p) = 4*p + 4. Let a(s) = -9*s - 7. Let n(b) = 2*a(b) + 5*d(b). Suppose -6 = 2*x + 4. Let y(c) = -c - 9. Let t be y(x). What is n(t)?
-2
Let j be 2/9 - (-194)/18. Suppose 0*i + i = 11. Let f(w) = w + j - i. What is f(-1)?
-1
Let z be 4/3*(-45)/2. Let q be (4/2)/((-12)/z). Suppose q = -b - h - h, -5*b + 3*h = 12. Let y(p) = p**2 + 4*p - 1. Calculate y(b).
-4
Let m = -6 + 4. Let f(l) = -l**3 - l**2 + 2*l + 3. What is f(m)?
3
Let s(m) = m. Let r(o) = 2*o + 6. Let n(x) = -r(x) + s(x). Calculate n(-6).
0
Let i(x) = 9*x. Suppose -4*o + h + h - 4 = 0, -h = -5*o + 1. What is i(o)?
9
Let j(n) = n**2 + 8*n + 7. Let d be -6*(-3 + 39/9). Give j(d).
7
Let y be (1/(-1))/(4/48*-3). Let s(m) = -2*m. Calculate s(y).
-8
Let b be 2 + -3 - (-4 - 0). Suppose 5*t - 10 = 2*h, b*t + h = -2*h - 15. Suppose 5*k + 5 = -t*k. Let m(j) = -j**2 + 2*j + 1. Calculate m(k).
-2
Let v = -103 - -100. Let p(u) = u**3 + 3*u**2 - u - 4. Calculate p(v).
-1
Let g(c) = c**3 + 6*c**2 + 7*c + 5. Let u(v) be the second derivative of -v**3/3 - v**2/2 - 2*v. Let a be u(-4). Let p be 2/2*2 - a. Determine g(p).
-5
Suppose -1 + 6 = 5*v. Let r(i) = -10*i + 4. Let l(z) = 10*z - 3. Let m(p) = 5*l(p) + 4*r(p). Give m(v).
11
Let y(x) = -x**2 + 4*x - 1. Let s be y(4). Let g be 5/s*(-8)/10. Let i(h) = 0*h + 3*h - 4*h + g. Determine i(5).
-1
Let i be 170/50 + 4/(-10). Let k(f) be the first derivative of 1/4*f**4 + 4/3*f**i + f + f**2 - 4. Determine k(-4).
-7
Let h be (-6)/(-36) + (-43)/6. Let m(u) = -u**3 - 7*u**2 + 2*u + 6. Determine m(h).
-8
Let a(p) = -4*p + 31. Let c be a(9). Let u(l) = l**3 + 6*l**2 + 4*l - 1. Give u(c).
4
Let q(n) = 5*n**3 + 9*n**2 - n - 1. Let i(m) = -m**3 - m**2 + m. Let o(g) = 4*i(g) + q(g). Let x be (12/(-10))/((-12)/40). Suppose 6 = x*f - 6*f. Give o(f).
8
Let d = 7 + -3. Let n(s) be the second derivative of s**4/12 - 2*s**3/3 - 2*s**2 - 3*s - 1. Give n(d).
-4
Let f(t) = -3*t. Let j(w) = w**3 + 8*w**2 + 6*w - 1. Let z be j(-7). Let o be ((-24)/20)/(z/15). Calculate f(o).
9
Let a(b) = b**2 + 3 - 4*b + 2 - b**3 - 7*b**2 + 2. Let f be a(-5). Let k(u) = -u**3 + 4*u**2 - 4*u + 3. Give k(f).
3
Let q(o) = o + 10. Let f(d) = d + 9. Let u = 4 + -10. Let s(j) = u*f(j) + 5*q(j). Calculate s(0).
-4
Let m(b) = 4*b - 4. Let y(t) be the first derivative of 2*t**2 - 3*t + 1. Let w(r) = 2*m(r) - 3*y(r). Let g(v) = -3*v**2 + 1. Let n be g(1). What is w(n)?
9
Suppose 30 = 2*w + w - 2*g, 0 = 3*w - 5*g - 39. Let m = w + -5. Let f(s) = -1 - 5 - s**m - s**2 + 0*s**3. What is f(0)?
-6
Let h(z) = z**2 - z. Let i be h(0). Let s(w) = -2*w + w + 0*w + 12. Calculate s(i).
12
Let x(z) be the first derivative of 5*z + 4/3*z**3 + 5 + 1/4*z**4 + z**2. What is x(-4)?
-3
Let r(o) = -3*o**2 - o + 1. Let y(i) = 16*i**2 + 5*i - 4. Let u(s) = 11*r(s) + 2*y(s). Let h = -5 - -2. Calculate u(h).
-3
Let u(x) = x - 3*x + 3*x + 4. Let b(w) = w**3 + 5*w**2 + w + 6. Let n be b(-5). Let c = -3 - n. Give u(c).
0
Let t(y) be the first derivative of 2 - 3 - y**2 + 4 + 0. What is t(-2)?
4
Let o(r) = r**3 - 4*r**2 - 7*r + 7. Let b be (-15)/(-5) - (-2 + 0). Give o(b).
-3
Let i(s) = -s**2 - 7*s - 2. Let u(g) = g**2 + g. Let b(k) = i(k) + 2*u(k). Determine b(5).
-2
Let f = 4 + -1. Let o(n) = -3*n**3 + 11*n**3 + 3*n**2 - n**f - 2*n**2. Suppose -3*p = -4*p - 1. What is o(p)?
-6
Let n be 1/(-4)*(-11 + 3). Let d(h) = h**2 + 1. What is d(n)?
5
Let b(d) be the second derivative of -d**5/20 - 7*d**4/12 - 7*d**3/6 - d**2/2 + 2*d. What is b(-6)?
5
Let y(h) = 4*h + 6. Let z be y(-5). Let p = -5 - z. Let n = 5 - p. Let l(x) = x**3 + 5*x**2 + 6*x + 5. Determine l(n).
-3
Let o(d) = -6*d. Let u(i) be the third derivative of i**4/24 - i**3/6 + i**2. Let q(z) = -o(z) - 5*u(z). What is q(-4)?
1
Let i = -17 + 17. Suppose -4*r + 20 - 4 = i. Let h(k) = -2*k + 3. Determine h(r).
-5
Let f(b) = -b**2 - 4*b + 8. Suppose -3*r - 5*z = -19, r - 8 = -r - z. Let o(x) = 7 - 4*x**2 - x + r*x**2 - 2*x. Let s(h) = 2*f(h) - 3*o(h). Give s(0).
-5
Let b(s) = 3*s - 2*s + 6*s**2 + 0*s + 2. Let n(c) = 6*c**2 + c + 1. Let g(x) = -2*b(x) + 3*n(x). Give g(1).
6
Let f(z) = -21*z**3 + 5*z**2 - 5*z + 4. Let x(j) = 22*j**3 - 6*j**2 + 6*j - 5. Let r(o) = -4*f(o) - 3*x(o). Determine r(1).
17
Let u be (6/(-4))/(5/(-10)). Let z(q) = -q + 4. Give z(u).
1
Let y(b) be the third derivative of -b**5/60 + 5*b**4/24 - b**3 - 2*b**2. Suppose 3*z + 4 = -2*j, 2*z = -3*j - 0*z + 4. What is y(j)?
-2
Let d(n) = n**2 + 15*n**3 - 14*n**3 + 3*n**2 + 3*n**2 - n - 8. Calculate d(-7).
-1
Let y(s) be the third derivative of 1/20*s**6 + 0 + 1/30*s**5 + 3*s**2 + 0*s + 1/24*s**4 + 0*s**3. Give y(-1).
-5
Let r(c) = -c**2 + c + 5. Let i = 13 + -13. Suppose -3*z - 2*z + 12 = 2*n, 2*n + 8 = i. Calculate r(z).
-7
Suppose 0 = -2*i + 5*i - 6. Let b(d) = d**3 + 2*d**3 + 3 - 4*d**3 - 4*d**i - 2*d. What is b(-3)?
0
Let p(m) = -5 - 2 + 2 + 0*m**2 + m**3 - 4*m**2. Calculate p(4).
-5
Let v(l) be the third derivative of -l**5/60 - l**4/12 - l**3/6 + l**2. Let s = 2 + -14. Let z be 1 - (-4)/(s/9). What is v(z)?
-1
Let j(k) = -3*k - k**2 + 4 + 1 - 1. Let r(f) = -f**2 + f - 2. Let a be r(2). Determine j(a).
0
Let u(g) = 9*g**3 + 15*g**2 + 8*g + 11. Let q(o) = 4*o**3 + 7*o**2 + 4*o + 5. Let a(m) = -7*q(m) + 3*u(m). Give a(-3).
1
Let s(f) = -f**2 - 11*f - 10. Let t(w) = 4*w + 63. Let h be t(-18). Calculate s(h).
8
Let c(o) = -o**2 + o - 1. Let i(y) = -14*y**2 + 5*y - 6. Let q(d) = -5*c(d) + i(d). Give q(1).
-10
Let u(c) = -c + 2. Let x be u(2). Let f(w) = -w + 6. Calculate f(x).
6
Let w(o) = 2*o + 0*o**3 - 2 - 5*o**2 + 3 + o**3. Let b(l) = l - 5. Let s be b(9). Let y be (1 - -5)/(6/s). Calculate w(y).
-7
Let f(s) = -s**2 - 4*s - 3. Let i(y) be the first derivative of -y**4/4 - y**3 + 2*y + 1. Let k be i(-2). Calculate f(k).
1
Let n = 1 - 1. Let s(g) = g - 2. Determine s(n).
-2
Let j(a) = a**3 - 5*a**2 + 5*a - 1. Suppose -v - 3*o = -0*v + 41, -v - 25 = -o. Let t =